*u**2 - 411*u + 2440. Determine j(6).
-746
Let d(g) = -g**2 + 110*g - 358. Calculate d(103).
363
Let b(o) = -67325*o + 875204. Give b(13).
-21
Let h(a) = -a**2 - 677*a - 97945. Give h(-210).
125
Let o(s) = -106*s + 6657. Give o(64).
-127
Let w(c) = -54891*c + 439164. Give w(8).
36
Let v(x) = 435*x + 115298. What is v(-265)?
23
Let w(y) = -24*y - 758. Calculate w(58).
-2150
Let g(h) = h**3 + 113*h**2 + 24*h + 15700. Determine g(-114).
-32
Let r(c) = c**2 + 511*c + 7939. Calculate r(-16).
19
Let p(d) = -12*d**2 - 354*d + 3361. What is p(-37)?
31
Let m(w) = -2*w**3 - 27*w**2 + 26537*w + 292508. Calculate m(-11).
-4
Let v(y) = 4184*y + 79511. Determine v(-19).
15
Let l(u) = 2*u**3 - 269*u**2 + 401*u + 31. What is l(133)?
297
Let c(s) = 9*s**2 + 242*s + 1556. Give c(-8).
196
Let l(j) = 1049*j - 12. Calculate l(0).
-12
Let i(c) = -329*c**2 - 4288*c + 57. Calculate i(-13).
200
Let j(a) = -5*a**3 + 4954*a**2 + 30901*a + 5980. Give j(997).
-2
Let p(c) = 164*c**3 + 66093*c**2 + 404*c + 424. Determine p(-403).
21
Let d(b) = 491*b + 69227. Give d(-141).
-4
Let n(k) = -46*k**2 + 7589*k - 188. What is n(165)?
-353
Let b(g) = -6*g**3 - g**2 - 384*g + 1938. Give b(5).
-757
Let o(j) = -3*j**3 - 39*j**2 + 17*j + 1021. Give o(-10).
-49
Let z(p) = 106*p**2 - 1071*p - 102. Determine z(10).
-212
Let h(d) = 2*d**3 + 160*d**2 - 173*d - 773. Calculate h(-81).
118
Let g(f) = 2*f**2 - 488*f + 22026. Determine g(185).
196
Let l(x) = -10405*x + 82885. What is l(8)?
-355
Let l(j) = -3464*j - 6868. What is l(-2)?
60
Let d(l) = l**3 + 59*l**2 - 615*l - 3177. Determine d(-67).
2116
Let r(a) = 34*a**2 + 1364*a + 87. Determine r(-40).
-73
Let q(s) = 68322*s - 2801202. What is q(41)?
0
Let y(r) = -3*r**3 - 11*r**2 + 1261*r + 584. Calculate y(19).
-5
Let r(u) = 9944*u - 1312624. Determine r(132).
-16
Let d(u) = u**2 - 20593*u + 2334582. What is d(114)?
-24
Let w(r) = r**3 + 204*r**2 - 406*r + 1235. Determine w(-206).
-1
Let t(j) = -328*j**3 + 6*j**2 - 1526*j - 1531. Calculate t(-1).
329
Let x(j) = 56*j**2 - 147*j - 9. Determine x(3).
54
Let g(k) = 125*k - 32182. Determine g(257).
-57
Let a(x) = -46*x + 13213. Determine a(286).
57
Let l(q) = 1635*q + 39065. Determine l(-24).
-175
Let u(m) = -92157*m - 829373. What is u(-9)?
40
Let w(s) = -193049*s + 965252. What is w(5)?
7
Let c(w) = -67*w**3 + 343*w**2 - 28*w - 64. Determine c(5).
-4
Let l(w) = 269*w**2 - 789*w + 6. What is l(3)?
60
Let g(n) = -5*n**2 + 21292*n + 42595. Determine g(-2).
-9
Let w(g) = -2*g**2 - 790*g + 3956. Determine w(5).
-44
Let z(o) = 13*o**2 + 183*o + 9. Calculate z(-7).
-635
Let m(q) = -q**2 + 501*q - 9954. Calculate m(21).
126
Let q(n) = 833*n + 192419. Determine q(-231).
-4
Let x(b) = -21857*b + 1377013. Calculate x(63).
22
Let c(d) = 31*d**2 - 669*d - 1094. What is c(21)?
-1472
Let p(g) = -2*g**3 - 91*g**2 + 920*g + 39. Give p(-54).
-69
Let l(h) = 2242301*h + 29149920. What is l(-13)?
7
Let d(u) = -u**3 + 19*u**2 + 299*u - 4298. Give d(24).
-2
Let w(s) = -s**3 + 11*s**2 + 1163*s - 11574. Give w(10).
156
Let a(d) = -6720*d + 833266. Give a(124).
-14
Let m(y) = 10478*y - 2546113. Give m(243).
41
Let l(x) = 3*x**2 - 17467*x + 122381. What is l(7)?
259
Let u(k) = -k**3 - 24*k**2 + 451*k + 7262. Determine u(-31).
8
Let n(f) = -7*f**2 - 160*f + 4970. Calculate n(-40).
170
Let q(i) = -7*i**3 - 469*i**2 - 168*i - 11260. Give q(-67).
-4
Let z(v) = 479*v**2 - 30667*v + 663. Determine z(64).
-41
Let j(y) = -y**3 - 204*y**2 + 57296*y + 11703667. Give j(-205).
12
Let f(y) = -254*y**2 - 3039*y - 36. Determine f(-12).
-144
Let h(r) = -24*r**3 - 10463*r**2 - 143*r - 252449. Calculate h(-436).
-5
Let f(s) = -2510*s**2 + 110437*s + 136. Determine f(44).
4
Let d(z) = 175*z**2 + 87499*z - 475. Calculate d(-500).
25
Let d(u) = -5*u**2 - 318*u - 4045. What is d(-46)?
3
Let d(x) = -54041*x - 269848. Calculate d(-5).
357
Let k(x) = 125*x**2 - 2087*x - 719. Determine k(17).
-73
Let p(y) = -181*y**3 + 919*y**2 - 13*y + 89. What is p(5)?
374
Let m(q) = 1531*q**2 - 1098*q. Give m(1).
433
Let r(u) = 61*u**3 + 14*u**2 - 30*u - 19. What is r(2)?
465
Let c(u) = 2068*u - 36971. Give c(17).
-1815
Let w(u) = -u**3 + 2*u**2 - 113*u + 733. Give w(6).
-89
Let m(a) = -2*a**3 - 46*a**2 + 980*a + 22534. What is m(-22)?
6
Let v(m) = -10*m**2 + 384*m - 872. Give v(37).
-354
Let u(i) = -35820*i + 537260. Calculate u(15).
-40
Let x(v) = -v**3 - 46*v**2 - 47*v + 225. Calculate x(-45).
315
Let q(h) = -118*h**2 + 102776*h + 1748. Give q(871).
6
Let m(v) = 5293*v - 460504. Give m(87).
-13
Let a(y) = -3*y**2 - 384*y + 41425. Give a(-198).
-155
Let z(q) = 9*q**3 - 20*q**2 + 48*q - 20. Calculate z(6).
1492
Let h(m) = 571*m + 62300. Determine h(-109).
61
Let m(z) = -4644*z - 118719. What is m(-26)?
2025
Let l(t) = -3*t**2 - 134*t + 16488. Give l(-100).
-112
Let v(l) = -38632*l - 463490. Give v(-12).
94
Let u(k) = 1235*k**3 + k**2 + 252*k - 254. Calculate u(1).
1234
Let w(m) = -m**3 - 73*m**2 + 82*m + 386. Give w(-74).
-206
Let h(u) = 9*u**2 + 456*u - 392. What is h(0)?
-392
Let v(f) = 4*f**2 + 1280*f + 16612. What is v(-13)?
648
Let l(f) = -32*f**2 - 350*f + 1410. What is l(4)?
-502
Let q(x) = 12*x**3 + 2*x**2 - 222*x - 223. What is q(-1)?
-11
Let p(f) = -2043523*f + 13. Determine p(0).
13
Let u(z) = -1004*z**2 + 153*z + 153. Calculate u(-1).
-1004
Let q(u) = -u**2 - 152*u - 2057. Determine q(-136).
119
Let j(w) = -3*w**2 - 1838*w + 219469. What is j(-715)?
-36
Let p(t) = -1578*t + 25105. Calculate p(16).
-143
Let f(u) = -u**2 - 1027*u + 29406. Give f(28).
-134
Let i(o) = -1192*o - 18. Give i(2).
-2402
Let j(v) = v**2 + 72*v - 279. Calculate j(-79).
274
Let y(f) = 8*f**2 + 29*f - 2770. Give y(17).
35
Let l(t) = 10*t**2 - 1374*t - 23443. What is l(-17)?
2805
Let d(o) = o**3 - 11*o**2 + 617*o - 6675. Give d(11).
112
Let u(g) = -26*g**2 - 218*g + 17. Calculate u(-8).
97
Let q(x) = -171*x**2 + 11309*x + 132. Give q(66).
1650
Let b(f) = -19*f**3 + 100*f**2 + 123*f + 21. What is b(-1)?
17
Let j(u) = 8*u**2 - 81*u - 721. Determine j(-10).
889
Let q(g) = g**2 - 492*g + 32287. Calculate q(78).
-5
Let p(w) = -138*w - 1170. What is p(-15)?
900
Let m(a) = 3*a**3 - 513*a**2 + 1570*a - 9749. What is m(168)?
-5
Let n(m) = -m**3 + 25*m**2 + 56*m - 1118. Give n(26).
-338
Let w(x) = 63*x - 2002. Give w(-20).
-3262
Let o(n) = -131438*n + 1840106. Give o(14).
-26
Let d(c) = -865*c - 25985. Determine d(-30).
-35
Let f(v) = -v**3 + 187*v**2 - 7028*v + 865. Determine f(135).
-215
Let b(u) = u**3 - 50*u**2 + 465*u + 176. Determine b(36).
-1228
Let o(z) = z**2 - 2522*z - 40293. What is o(-16)?
315
Let w(d) = 305*d + 40738. Give w(-119).
4443
Let r(u) = -1667*u + 47270. Give r(29).
-1073
Let s(u) = -4*u**3 - 185*u**2 - 56*u - 480. Determine s(-46).
-20
Let f(r) = r**3 - 52*r**2 - 1085*r - 123. Calculate f(68).
81
Let d(x) = -24*x**3 + 1919*x**2 + 81*x - 102. Determine d(80).
-22
Let j(m) = -12*m**2 - 135*m + 515. Calculate j(4).
-217
Let l(y) = 1067*y - 604993. Give l(567).
-4
Let i(x) = -x**2 + 3057*x - 24429. Calculate i(8).
-37
Let k(r) = -18449*r - 1420576. Determine k(-77).
-3
Let h(l) = -2459*l**3 + 4*l**2 - 12*l + 10. Give h(1).
-2457
Let q(a) = 799*a - 136653. Determine q(171).
-24
Let m(y) = -6063*y - 430478. Give m(-71).
-5
Let t(l) = 45517*l + 318744. What is t(-7)?
125
Let f(t) = -45*t - 4031. Calculate f(-81).
-386
Let h(v) = -v**3 - 114*v**2 - 86*v + 2317. Determine h(-113).
-734
Let d(q) = -2973*q + 17787. Give d(6).
-51
Let y(o) = 46*o**2 - 48*o + 235. Give y(6).
1603
Let y(p) = -14627*p + 44290. What is y(3)?
409
Let p(z) = z**3 + 19*z**2 - 76*z + 108. Calculate p(-23).
-260
Let k(m) = -10*m**2 - 13523*m - 94597. Give k(-7).
-426
Let r(x) = 10*x**2 + 5846*x - 23414. Calculate r(4).
130
Let t(a) = -26*a**2 - 6463*a - 10322. Calculate t(-247).
-195
Let l(r) = 2*r**3 + 45*r**2 - 363*r + 134. Give l(6).
8
Let b(a) = 4930*a + 30077. What is b(-6)?
497
Let p(a) = -4*a**2 - 527*a - 2846. What is p(-6)?
172
Let m(s) = -4735*s - 4522. What is m(-1)?
213
Let r(d) = d**3 + 289*d**2 + 5141*d + 206. What is r(-19)?
-3
Let i(w) = -17*w**3 - 207*w**2 + 203*w + 267. Calculate i(-13).
-6
Let x(r) = 4966255*r + 5. Calculate x(0).
5
Let a(g) = 9*g**2 + 268*g + 78. Give a(-29).
-125
Let x(k) = 4*k**2 + 83*k + 819. Give x(-12).
399
Let o(i) = 14991*i - 90152. Calculate o(6).
-206
L